What is the remainder when 24706 is divided by 353?
349
Calculate the remainder when 1746 is divided by 435.
6
What is the remainder when 71061 is divided by 35519?
23
Calculate the remainder when 9835 is divided by 1089.
34
What is the remainder when 9147 is divided by 653?
5
Calculate the remainder when 196810 is divided by 472.
458
Calculate the remainder when 430415 is divided by 112.
111
What is the remainder when 264327 is divided by 4987?
16
Calculate the remainder when 265759 is divided by 14.
11
What is the remainder when 51710 is divided by 17161?
227
What is the remainder when 554 is divided by 323?
231
What is the remainder when 880 is divided by 477?
403
Calculate the remainder when 11297 is divided by 43.
31
What is the remainder when 11322 is divided by 177?
171
Calculate the remainder when 899227 is divided by 152.
147
Calculate the remainder when 4812 is divided by 925.
187
Calculate the remainder when 31106 is divided by 4427.
117
Calculate the remainder when 33075 is divided by 704.
691
Calculate the remainder when 2270 is divided by 854.
562
Calculate the remainder when 44160 is divided by 5507.
104
Calculate the remainder when 119325 is divided by 59661.
3
Calculate the remainder when 20178 is divided by 516.
54
What is the remainder when 2837 is divided by 87?
53
Calculate the remainder when 3796 is divided by 76.
72
Calculate the remainder when 1304026 is divided by 111.
109
What is the remainder when 126898 is divided by 933?
10
Calculate the remainder when 2841982 is divided by 576.
574
Calculate the remainder when 4322 is divided by 1414.
80
What is the remainder when 8799688 is divided by 1042?
1040
What is the remainder when 335098 is divided by 3?
1
What is the remainder when 337670 is divided by 1189?
1183
What is the remainder when 6429 is divided by 179?
164
Calculate the remainder when 7622 is divided by 1409.
577
Calculate the remainder when 108748 is divided by 23.
4
Calculate the remainder when 250646 is divided by 68.
66
Calculate the remainder when 35614 is divided by 84.
82
Calculate the remainder when 2680049 is divided by 30.
29
Calculate the remainder when 9721 is divided by 176.
41
What is the remainder when 185226 is divided by 47?
46
What is the remainder when 856 is divided by 110?
86
What is the remainder when 5388 is divided by 197?
69
What is the remainder when 1066428 is divided by 10?
8
What is the remainder when 96396 is divided by 1190?
6
What is the remainder when 698275 is divided by 8?
3
What is the remainder when 21841 is divided by 575?
566
What is the remainder when 1542 is divided by 73?
9
What is the remainder when 655 is divided by 73?
71
Calculate the remainder when 89092 is divided by 37.
33
What is the remainder when 1342 is divided by 16?
14
What is the remainder when 100 is divided by 25?
0
What is the remainder when 107905 is divided by 22?
17
What is the remainder when 37375 is divided by 745?
125
Calculate the remainder when 9230 is divided by 171.
167
What is the remainder when 32378 is divided by 352?
346
What is the remainder when 1577 is divided by 337?
229
What is the remainder when 28010 is divided by 5524?
390
Calculate the remainder when 4438 is divided by 1108.
6
What is the remainder when 328 is divided by 191?
137
Calculate the remainder when 64295 is divided by 5.
0
What is the remainder when 49208 is divided by 13?
3
Calculate the remainder when 1642 is divided by 53.
52
What is the remainder when 31942 is divided by 242?
240
What is the remainder when 4421 is divided by 11?
10
What is the remainder when 22249 is divided by 178?
177
Calculate the remainder when 56833 is divided by 566.
233
Calculate the remainder when 57662 is divided by 53.
51
What is the remainder when 3159 is divided by 19?
5
What is the remainder when 1562 is divided by 511?
29
What is the remainder when 613 is divided by 187?
52
Calculate the remainder when 242496 is divided by 194.
190
What is the remainder when 159 is divided by 55?
49
What is the remainder when 28223 is divided by 12?
11
Calculate the remainder when 25817 is divided by 66.
11
What is the remainder when 17704 is divided by 842?
22
What is the remainder when 23659 is divided by 131?
79
What is the remainder when 122982 is divided by 78?
54
What is the remainder when 354987 is divided by 22?
17
What is the remainder when 523 is divided by 149?
76
What is the remainder when 4181 is divided by 913?
529
What is the remainder when 4183 is divided by 1053?
1024
Calculate the remainder when 174921 is divided by 20.
1
Calculate the remainder when 571399 is divided by 384.
7
What is the remainder when 1465 is divided by 1401?
64
Calculate the remainder when 6195 is divided by 617.
25
What is the remainder when 9439 is divided by 186?
139
What is the remainder when 6832 is divided by 660?
232
What is the remainder when 818 is divided by 262?
32
What is the remainder when 60978 is divided by 99?
93
What is the remainder when 1175 is divided by 1175?
0
What is the remainder when 3310 is divided by 2?
0
Calculate the remainder when 100665 is divided by 306.
297
Calculate the remainder when 156004 is divided by 155994.
10
Calculate the remainder when 5567 is divided by 2547.
473
Calculate the remainder when 3102 is divided by 39.
21
Calculate the remainder when 12734 is divided by 352.
62
Calculate the remainder when 4402 is divided by 1363.
313
What is the remainder when 17570 is divided by 708?
578
What is the remainder when 1972 is divided by 369?
127
What is the remainder when 2244085 is divided by 154?
151
Calculate the remainder when 70422 is divided by 23.
19
What is the remainder when 6813 is divided by 24?
21
What is the remainder when 11430 is divided by 1905?
0
Calculate the remainder when 1896 is divided by 9.
6
Calculate the remainder when 459636 is divided by 162.
42
Calculate the remainder when 551764 is divided by 46.
40
Calculate the remainder when 28415 is divided by 1313.
842
Calculate the remainder when 493 is divided by 488.
5
What is the remainder when 23641 is divided by 6?
1
What is the remainder when 2821 is divided by 4?
1
What is the remainder when 18280 is divided by 761?
16
What is the remainder when 4535 is divided by 2234?
67
What is the remainder when 27131 is divided by 83?
73
What is the remainder when 1323136 is divided by 23?
15
Calculate the remainder when 39600 is divided by 151.
38
What is the remainder when 1595 is divided by 86?
47
What is the remainder when 88852 is divided by 13?
10
What is the remainder when 18129 is divided by 8948?
233
What is the remainder when 190 is divided by 34?
20
Calculate the remainder when 14918 is divided by 49.
22
Calculate the remainder when 810634 is divided by 491.
484
Calculate the remainder when 7973 is divided by 114.
107
What is the remainder when 25101 is divided by 3133?
37
Calculate the remainder when 654005 is divided by 164.
137
Calculate the remainder when 2991907 is divided by 331.
329
Calculate the remainder when 76194 is divided by 2059.
11
Calculate the remainder when 715910 is divided by 11.
8
What is the remainder when 1937 is divided by 833?
271
Calculate the remainder when 5716 is divided by 229.
220
What is the remainder when 12962 is divided by 96?
2
Calculate the remainder when 48143 is divided by 379.
10
Calculate the remainder when 4819 is divided by 732.
427
Calculate the remainder when 8824 is divided by 4371.
82
What is the remainder when 9462 is divided by 4727?
8
What is the remainder when 64828 is divided by 155?
38
Calculate the remainder when 917628 is divided by 305866.
30
What is the remainder when 36496 is divided by 77?
75
Calculate the remainder when 1723 is divided by 324.
103
What is the remainder when 3373 is divided by 23?
15
What is the remainder when 23629 is divided by 211?
208
Calculate the remainder when 16676 is divided by 81.
71
Calculate the remainder when 3070 is divided by 780.
730
What is the remainder when 10363 is divided by 981?
553
What is the remainder when 21020 is divided by 41?
28
Calculate the remainder when 9300 is divided by 128.
84
Calculate the remainder when 25376 is divided by 31.
18
Calculate the remainder when 3332 is divided by 1571.
190
What is the remainder when 12013 is divided by 88?
